rime factors of 382110329?
47, 8130007
What are the prime factors of 51797321?
97, 533993
List the prime factors of 87796312.
2, 613, 17903
List the prime factors of 1267632689.
83, 2903, 5261
What are the prime factors of 101663231?
41, 73, 33967
What are the prime factors of 32526819?
3, 13, 92669
List the prime factors of 544003189.
544003189
List the prime factors of 353050818.
2, 3, 19, 37, 83701
List the prime factors of 60471672.
2, 3, 139, 18127
List the prime factors of 223744531.
17, 103, 127781
List the prime factors of 5088413538.
2, 3, 13, 21745357
List the prime factors of 642735966.
2, 3, 17, 23, 273971
What are the prime factors of 17197028?
2, 433, 9929
What are the prime factors of 47595757?
11, 29, 31, 4813
What are the prime factors of 334008151?
97, 491, 7013
What are the prime factors of 68309769?
3, 11, 19, 108947
List the prime factors of 1283088035.
5, 29, 37, 311, 769
What are the prime factors of 18353328?
2, 3, 7, 54623
List the prime factors of 1815979498.
2, 461, 1969609
What are the prime factors of 19131100?
2, 5, 19, 10069
What are the prime factors of 37852368?
2, 3, 197, 4003
What are the prime factors of 547684225?
5, 11, 271, 7349
List the prime factors of 5531331.
3, 13, 141829
What are the prime factors of 592819636?
2, 419, 353711
What are the prime factors of 171804183?
3, 113, 506797
List the prime factors of 360119359.
41, 8783399
List the prime factors of 2318090378.
2, 1159045189
List the prime factors of 50964603.
3, 16988201
List the prime factors of 88317732.
2, 3, 7359811
List the prime factors of 677508927.
3, 225836309
What are the prime factors of 2618949107?
443, 5911849
What are the prime factors of 139867628?
2, 101, 346207
What are the prime factors of 245439997?
11, 719, 31033
List the prime factors of 98716949.
43, 2295743
What are the prime factors of 4534446986?
2, 463, 4896811
What are the prime factors of 147924132?
2, 3, 23, 535957
What are the prime factors of 1666131038?
2, 11, 13, 529603
List the prime factors of 42049824.
2, 3, 647, 677
List the prime factors of 60048570.
2, 3, 5, 2001619
List the prime factors of 25344323.
227, 311, 359
List the prime factors of 175428361.
175428361
List the prime factors of 603582647.
603582647
List the prime factors of 51904217.
51904217
List the prime factors of 24458661.
3, 2717629
What are the prime factors of 104687621?
73, 1434077
List the prime factors of 471885621.
3, 4561, 34487
What are the prime factors of 22288782?
2, 3, 3714797
What are the prime factors of 65868263?
41, 1606543
What are the prime factors of 3033952078?
2, 6703, 226313
List the prime factors of 799537953.
3, 1021, 261031
List the prime factors of 176589950.
2, 5, 31, 59, 1931
List the prime factors of 604485795.
3, 5, 281, 143413
List the prime factors of 157881423.
3, 7, 29, 43, 6029
List the prime factors of 47859644.
2, 7, 877, 1949
List the prime factors of 1501006812.
2, 3, 125083901
What are the prime factors of 63344894?
2, 31672447
List the prime factors of 37500522.
2, 3, 6250087
List the prime factors of 340750069.
11, 983, 31513
What are the prime factors of 4040519832?
2, 3, 139, 403729
What are the prime factors of 26589578?
2, 29, 113, 4057
What are the prime factors of 862258494?
2, 3, 19, 1277, 5923
List the prime factors of 1949569846.
2, 7, 293, 475273
What are the prime factors of 1240245776?
2, 7, 11, 47, 21419
List the prime factors of 24203209.
467, 51827
List the prime factors of 139097315.
5, 7, 17, 233777
List the prime factors of 39986257.
263, 152039
List the prime factors of 116521821.
3, 13, 239, 463
List the prime factors of 352770207.
3, 19, 727, 8513
What are the prime factors of 17562695?
5, 1321, 2659
List the prime factors of 2349996365.
5, 23, 859, 23789
What are the prime factors of 889118921?
17, 139, 587, 641
List the prime factors of 117125293.
117125293
List the prime factors of 5223727044.
2, 3, 31, 37, 42169
List the prime factors of 5487079859.
26099, 210241
What are the prime factors of 827616902?
2, 7, 3797, 15569
What are the prime factors of 15573321?
3, 113, 15313
What are the prime factors of 5019901882?
2, 17, 2713, 54421
List the prime factors of 793851117.
3, 264617039
List the prime factors of 2981399480.
2, 5, 17, 137, 32003
List the prime factors of 968763869.
29251, 33119
List the prime factors of 2117559107.
73, 197, 229, 643
List the prime factors of 1263294550.
2, 5, 7, 23, 139, 1129
What are the prime factors of 4611794892?
2, 3, 43, 8937587
List the prime factors of 77633824.
2, 2426057
What are the prime factors of 8426233?
1627, 5179
What are the prime factors of 223493967?
3, 23, 1079681
List the prime factors of 58078032.
2, 3, 1209959
List the prime factors of 4593470544.
2, 3, 13, 29, 191, 443
What are the prime factors of 156973006?
2, 397, 197699
What are the prime factors of 3877536908?
2, 7, 138483461
What are the prime factors of 1721137134?
2, 3, 79, 1301, 2791
What are the prime factors of 1567087038?
2, 3, 11, 7914581
List the prime factors of 113075253.
3, 41, 306437
What are the prime factors of 74910665?
5, 233, 64301
List the prime factors of 65604611.
83, 790417
List the prime factors of 491464263.
3, 461, 355361
List the prime factors of 58374336.
2, 3, 304033
What are the prime factors of 1378467684?
2, 3, 11, 43, 80953
List the prime factors of 140078870.
2, 5, 14007887
What are the prime factors of 25276893?
3, 29, 290539
What are the prime factors of 62786186?
2, 31393093
What are the prime factors of 3398052207?
3, 11, 19, 151, 1889
List the prime factors of 337010122.
2, 23, 7326307
List the prime factors of 1915767819.
3, 7, 23, 59, 22409
List the prime factors of 3161684862.
2, 3, 7, 683, 36739
List the prime factors of 5242357735.
5, 19, 2029, 27197
What are the prime factors of 1224008774?
2, 31, 19742077
List the prime factors of 2912429140.
2, 5, 61, 2387237
What are the prime factors of 183534689?
13, 37, 381569
List the prime factors of 378269890.
2, 5, 17, 313, 7109
What are the prime factors of 1455199117?
31, 683, 68729
What are the prime factors of 10071747?
3, 7, 159869
What are the prime factors of 1103075284?
2, 275768821
What are the prime factors of 193458941?
13, 31, 480047
What are the prime factors of 16519437?
3, 11, 55621
What are the prime factors of 245811240?
2, 3, 5, 227603
List the prime factors of 535878362.
2, 8353, 32077
What are the prime factors of 5030704?
2, 7, 44917
List the prime factors of 232308130.
2, 5, 61, 373, 1021
List the prime factors of 2414960162.
2, 541, 2231941
List the prime factors of 49535331.
3, 17, 971281
What are the prime factors of 138337336?
2, 73, 236879
List the prime factors of 11631792.
2, 3, 242329
What are the prime factors of 14572703?
29, 502507
List the prime factors of 602489809.
17, 1409, 25153
What are the prime factors of 207158127?
3, 11, 149, 42131
What are the prime factors of 540864088?
2, 569, 118819
List the prime factors of 10878710.
2, 5, 101, 10771
What are the prime factors of 13246013?
11, 1204183
What are the prime factors of 244088909?
244088909
What are the prime factors of 395642433?
3, 131880811
What are the prime factors of 6889108?
2, 1109, 1553
What are the prime factors of 726796175?
5, 7, 157, 3779
List the prime factors of 1045576148.
2, 261394037
What are the prime factors of 319095109?
319095109
List the prime factors of 2562344258.
2, 1281172129
List the prime factors of 523158948.
2, 3, 13, 1117861
List the prime factors of 194340838.
2, 17, 479, 11933
List the prime factors of 3424321.
107, 32003
List the prime factors of 2525517956.
2, 13, 48567653
What are the prime factors of 3280897048?
2, 11, 13, 17, 19, 683
What are the prime factors of 2575532371?
37, 179, 233, 1669
What are the prime factors of 57014264?
2, 191, 37313
What are the prime factors of 6158503294?
2, 14249, 216103
What are the prime factors of 2077367465?
5, 1291, 321823
What are the prime factors of 74275040?
2, 5, 7, 17, 47, 83
List the prime factors of 214137865.
5, 17, 2519269
What are the prime factors of 90181665?
3, 5, 7, 67, 4273
What are the prime factors of 94468177?
337, 280321
What are the prime factors of 27552169?
211, 130579
What are the prime factors of 1002174684?
2, 3, 7, 17, 19, 43, 859
